{"id":893,"date":"2018-10-02T15:26:41","date_gmt":"2018-10-02T15:26:41","guid":{"rendered":"https:\/\/remendel.ufpr.br\/?page_id=893"},"modified":"2025-02-04T23:44:33","modified_gmt":"2025-02-04T23:44:33","slug":"remendel-2018-inscricao-2","status":"publish","type":"page","link":"https:\/\/remendel.ufpr.br\/?page_id=893","title":{"rendered":"Inscri\u00e7\u00e3o REMendel 2025"},"content":{"rendered":"<p>Acompanhe se voc\u00ea foi selecionado para o REMendel 2025!<\/p>\n<h3 style=\"text-align: center;\"><a href=\"https:\/\/drive.google.com\/file\/d\/1y5IBF9XXbRykjWD5ZpHbmiFsvwlxrqKo\/view?usp=sharing\">LISTA DE SELECIONADOS<\/a><\/h3>\n<p>Esse ano o REMendel apresentou uma grande demanda. Caso voc\u00ea n\u00e3o tenha sido selecionado, n\u00e3o desanime, em breve teremos novidades de um novo evento!<\/p>\n<p>&nbsp;<\/p>\n<p>&nbsp;<\/p>\n<p>&nbsp;<\/p>\n","protected":false},"excerpt":{"rendered":"<p>Acompanhe se voc\u00ea foi selecionado para o REMendel 2025! LISTA DE SELECIONADOS Esse ano o REMendel apresentou uma grande demanda. Caso voc\u00ea n\u00e3o tenha sido selecionado, n\u00e3o desanime, em breve teremos novidades de um novo evento! &nbsp; &nbsp; &nbsp;<\/p>\n","protected":false},"author":6,"featured_media":0,"parent":982,"menu_order":0,"comment_status":"closed","ping_status":"closed","template":"","meta":{"footnotes":""},"class_list":["post-893","page","type-page","status-publish","hentry"],"_links":{"self":[{"href":"https:\/\/remendel.ufpr.br\/index.php?rest_route=\/wp\/v2\/pages\/893"}],"collection":[{"href":"https:\/\/remendel.ufpr.br\/index.php?rest_route=\/wp\/v2\/pages"}],"about":[{"href":"https:\/\/remendel.ufpr.br\/index.php?rest_route=\/wp\/v2\/types\/page"}],"author":[{"embeddable":true,"href":"https:\/\/remendel.ufpr.br\/index.php?rest_route=\/wp\/v2\/users\/6"}],"replies":[{"embeddable":true,"href":"https:\/\/remendel.ufpr.br\/index.php?rest_route=%2Fwp%2Fv2%2Fcomments&post=893"}],"version-history":[{"count":13,"href":"https:\/\/remendel.ufpr.br\/index.php?rest_route=\/wp\/v2\/pages\/893\/revisions"}],"predecessor-version":[{"id":1191,"href":"https:\/\/remendel.ufpr.br\/index.php?rest_route=\/wp\/v2\/pages\/893\/revisions\/1191"}],"up":[{"embeddable":true,"href":"https:\/\/remendel.ufpr.br\/index.php?rest_route=\/wp\/v2\/pages\/982"}],"wp:attachment":[{"href":"https:\/\/remendel.ufpr.br\/index.php?rest_route=%2Fwp%2Fv2%2Fmedia&parent=893"}],"curies":[{"name":"wp","href":"https:\/\/api.w.org\/{rel}","templated":true}]}}